ulate (0 - -14 - 26) + 9.
-3
Calculate -5 - -4 - 5 - -6.
0
Evaluate -8 - (0 - (10 + -5)).
-3
-1 - (-5 - ((-4 - -1) + 3))
4
Calculate 0 - (2 + -2 + 3 - 0).
-3
What is 1 + 2 + -2 - (-26 + 26)?
1
What is 2 + -6 + 0 + (4 - 1)?
-1
What is (2 - 8) + -17 + 20?
-3
What is -1 + (-2 - (-2 + (-1 - -1)))?
-1
What is the value of -77 + 87 - (9 - 0)?
1
Calculate (11 - (4 + 0)) + -2.
5
What is (-1 - -10) + -2 + -8?
-1
17 + -8 + (-7 - (4 - 5))
3
Evaluate 8 - (5 + 2 + -2).
3
3 - (-4 - -3) - 9
-5
Calculate 0 + -6 - (-15 + 4 - 1).
6
Calculate -6 + 1 + -2 + (-13 - -12).
-8
What is the value of -17 - (-9 - -9) - -11?
-6
What is 4 + -1 - (2 - 4)?
5
Calculate 0 - -5 - (-5 + 5 + 1).
4
Calculate 4 + -15 - (8 - 18).
-1
Evaluate 0 + 5 + 1 + -67 + 68.
7
Calculate -11 + 9 + 2 + 2.
2
Calculate -1 + (9 - -3) - 5.
6
Calculate -1 + 4 + 2 + -1 + 0.
4
Evaluate -3 + (5 - (2 + -3)).
3
Evaluate -3 + 5 + -3 + 4.
3
7 - (-4 + 6 - -3 - 1)
3
1 + (-1 - (-6 - -1))
5
What is the value of -4 + (-6 - -5 - -7) + 5?
7
Evaluate -5 + (1 - (-5 - -1)).
0
Evaluate -11 + 5 + 0 - (1 - 3).
-4
Evaluate -12 - (-7 + 10) - (0 + -4).
-11
Calculate 2 + 2 + -8 + 2 - -6.
4
Evaluate (-2 + -1 - -1) + (-7 - -8).
-1
Calculate -38 + 29 + 2 + -4 + 4.
-7
What is -8 + (5 - (6 - 3))?
-6
What is the value of 627 - 635 - ((-1 - 0) + -16)?
9
6 - 1 - (85 + -75)
-5
Calculate (-5 - (-5 + 4)) + 0.
-4
Evaluate (15 - 6) + -3 + 0 - 7.
-1
What is the value of 20 + -13 + (-1 - (10 + -3))?
-1
(-1 - 7) + 6 + 1 + -3
-4
What is -14 + (1 - -10) + (-1 - -6)?
2
Evaluate (-1 - (0 + -4)) + 0 + -2.
1
Calculate -36 - -48 - (-3 + 22).
-7
Calculate 1 - (1 - (-6 - -3)).
-3
34 - 37 - (-2 - (-4 + 3))
-2
What is (-7 - -2) + (5 - 1)?
-1
Evaluate (5 - 5) + (4 - 0) + -4.
0
-4 + 7 - 1 - (-1 + 1)
2
What is the value of (4 - (6 + (0 - 1))) + -2?
-3
7 + (-4 - -3) + -2
4
Evaluate 2 + 4 + -3 - (4 - 8).
7
Evaluate 0 + -5 + -2 - -8.
1
Evaluate (65 - 57) + 0 + -8.
0
Evaluate 8 + (-8 - -2) + -3.
-1
What is 10 - ((-1 + 3 - -12) + -7)?
3
(5 - 4) + -9 + 6 + 4
2
Calculate -3 + (-6 - (7 + -2 - 14)).
0
Evaluate -44 - -43 - (-1 + 6).
-6
What is (-3 + 3 - 0) + (1 - -5)?
6
Evaluate 3 - (-5 + (4 - -2)).
2
Evaluate (9 - 5) + -3 - -1.
2
2 - (-2 - (-4 + 1))
1
What is the value of 8 - 8 - (-4 + 7)?
-3
Calculate -2 + 0 - (-1 + 2 + -4).
1
Evaluate 2 - 8 - (9 + -12).
-3
What is the value of 1 + -2 - (-15 + 10)?
4
What is the value of -1 + -3 - (-8 - -1)?
3
Calculate -1 + 0 - (0 - (8 + -11)).
-4
Calculate 6 - (4 - (15 + -9)).
8
Evaluate 3 - 10 - -4 - (-2 + -3).
2
2 + (7 - 6) + (1 - 0)
4
What is the value of (-8 - -2 - (-2 + -4)) + 7?
7
Calculate (-6 - (9 + -5)) + 5.
-5
What is the value of -8 + 15 - (-2 - 0) - 2?
7
Calculate (11 + -4 - 5) + 1 + -5.
-2
What is 11 - (-4 - (-9 - 0 - -2))?
8
Calculate 0 + (-2 - (0 - 0)).
-2
What is the value of ((-1 - -3) + -9 - -8) + -8?
-7
What is (5 + -1 - 0) + -1 + 0?
3
Calculate (4 - -5 - 14) + -2 + 6.
-1
What is the value of 1 + (8 - 4) + -4?
1
Evaluate 2 + (4 + -10 - 3).
-7
Evaluate -2 + -1 + 2 + 0 + 6.
5
Evaluate 8 + -4 + 2 + -9.
-3
What is -7 + (-2 - -7 - (-11 - -14))?
-5
Evaluate 3 + 12 + -8 + (-7 - -7).
7
What is 4 - (1 - 5 - 0)?
8
Evaluate 170 - 167 - (-1 - (0 - 3)).
1
91 + -94 + (5 - -1)
3
Evaluate 6 + 6 + -11 + 1 + 1.
3
Evaluate (-6 - (-7 - (1 - 4))) + -8.
-10
What is (0 - (-2 - -6)) + (-11 - -15)?
0
What is the value of 0 - (9 + -4) - -10?
5
Calculate (-1 - ((0 - -1) + -3)) + -5.
-4
What is 2 + -1 + -4 + 1 + 0?
-2
What is -4 + 9 + -4 + -10?
-9
What is -5 - (5 - (13 + -3)) - 4?
-4
Calculate (10 - (16 + -2)) + -4.
-8
What is the value of -1 - ((-28 - -15) + 22)?
-10
What is -4 - (1 + (1 - 3) + 1)?
-4
What is 0 + 4 - (7 - 1)?
-2
-2 - -7 - (-1 - -8)
-2
0 - (-2 - (3 - (7 + -6)))
4
Evaluate -10 + (7 - (-4 + 4)).
-3
What is the value of (6 - -5 - 5) + (-1 - 3)?
2
Calculate -2 - (4 - 4) - (-20 + 16).
2
-6 + 0 + -16 + 17
-5
What is 1 + (-5 + 2 - -1)?
-1
Evaluate (-6 - (2 - 5)) + (1 - 2).
-4
What is -6 + 2 - (4 + -2 - 1)?
-5
What is 7 - (11 + 2) - -1?
-5
Evaluate 0 + (0 - (-3 + -2)).
5
Evaluate 0 + (-6 - (-3 - 7)).
4
Calculate 4 + (-9 - -3) + -7 + 5.
-4
What is the value of (6 - 10) + 8 + -6?
-2
What is (0 - -1) + 3 + -10 + 1?
-5
What is -8 - 1 - (-10 + -8 + 14)?
-5
-1 + (-1 - 3 - (-6 + 6))
-5
Evaluate -3 - (8 + -3 + -9).
1
What is -4 + 1 + 2 - 4 - -6?
1
What is (-1 - -9) + 15 + -26 - -9?
6
What is 6 - -1 - (63 - 62)?
6
Calculate -14 + -6 + 15 + 13.
8
-1 + (0 + 4 - 11)
-8
Calculate -1 + (7 - (9 + -1)).
-2
Calculate (5 - -5 - 7) + 1 + 0.
4
Evaluate -3 - (3 - (7 - (3 - -6))).
-8
Evaluate (2 - 3) + -3 + 2.
-2
What is the value of -2 - (7 + -3) - (-1 + -11)?
6
What is the value of 8 + (-14 - 0) - -16?
10
Calculate -1 + (6 - (11 + -3)).
-3
What is the value of 7 + -6 - -5 - 4?
2
1 + (-1 - 1 - (-2 + 1))
0
Calculate -2 - (1 + -12 - (32 + -32)).
9
Calculate 4 - (1 + 3 + 5) - -8.
3
7 + (2 + -8 - -3) - 5
-1
Evaluate -7 + (-3 - -5) - -7 - -2.
4
Evaluate -5 - (3 + -7 + 4 + 0).
-5
Evaluate 0 + -3 + 0 + 4 + -4.
-3
Calculate -9 - (13 + (-27 - -13)).
-8
What is (-2 - -16) + 32 + -40?
6
What is 11 + (-1 - 8) + 10 + -6?
6
0 + 8 + -13 + 9 + -5
-1
Evaluate 5 + -8 + 14 + (0 - 13).
-2
Evaluate 0 - (4 + (1 - 1)).
-4
(4 - 2) + 1 + 1 + -6
-2
What is the value of 16 - (1 + -4) - (9 + 0)?
10
Evaluate -3 - (-5 + 4 + -1).
-1
What is the value of 0 + -1 + -9 + 6?
-4
5 + 4 + -2 + (-34 - -24)
-3
Calculate (-6 + -4 - -1) + 4.
-5
Evaluate -4 + (2 - (6 - 4)).
-4
Evaluate -2 - (-1 + -3) - 5 - -4.
1
0 - -10 - (3 - 0)
7
What is -8 - (-5 - (-6 + 3))?
-6
What is 2 + -1 + (3 - 10) + 3?
-3
What is -5 + (-5 - (-3 - 9)) + -4?
-2
What is the value of -5 + (6 - (-19 + 14))?
6
What is the value of -1 + (6 + 2 - 7) - 6?
-6
Evaluate 6 + (1 - 6) + -1 + 5.
5
Calculate -1 + -4 + 0 - (65 - 66).
-4
(-18 - -12) + 7 + (2 - 1)
2
What is 3 + (3 - 4 - -6 - 9)?
-1
-4 - (-2 + -1 - (2 - 4))
-3
Calculate 1 + 4 + 2 + (-4 - 1).
2
What is 5 - (27 + -16 + (-9 - -1))?
2
What is 2 - (3 - 6) - 3 - -5?
7
What is 2 + (-2 - (4 + 0 + -8))?
4
What is 12 + -11 - (5 + 1)?
-5
Evaluate 4 + -7 + 6 + -1.
2
3 + 6 + 0 + (-7 - -5)
7
What is the value of (7 - 1) + -25 + 20?
1
What is the value of 7 + -1 + (0 - 2) + -2?
2
Evaluate -1 - (2 + -4 + 0 + -3).
4
What is the value of 5 + (-3 - -11) + 1 + -8?
6
Evaluate 0 + 6 + -20 + 11.
-3
What is (-2 - (-1 - 4)) + -3 - -5?
5
-1 + (3 - 3) - (3 + -3)
-1
Calculate 2 + -1 - (-5 + 4 - 2).
4
Evaluate (-5 - 3) + 3 + -2.
-7
(-2 - -3) + -2 - -2
1
What is (-2 - (4 - (3 - -4))) + 4?
5
Evaluate (9 - (-2 - -6)) + 0.
5
What is (-5 - 1) + (12 - 7)?
-1
What is 0 + 1 + -4 + 4 + 2?
3
Evaluate -1 - (6 + -13 + 7 - -5).
-6
11 + (-9 + 14 - 12)
4
-3 + 2 + (3 - 0) + -2
0
What is the value of (-3 - (4 - 10)) + 2?
5
What is -2 - ((5 - 9) + 0)?
2
Calculate 0 + (23 + -15 - (3 + 2)).
3
What is -7 + 4 - (2 + -2)?
-3
1 - (3 + -1 + (-1 - -1))
-1
What is 53 - 45 - (7 - -1)?
0
What is the value of -2 - (-3 + 1 + -1 + 0)?
1
Calculate -6 + 5 + -2 - (-1 + -1).
-1
What is the value of -39 + 33 - (-4 - 0)?
-2
Calculate 3 + (-3 + 1 - (0 - -1)).
0
0 - (-4 - -3 - -4) - 0
-3
Calculate 2 + 0 + 0 + -1 + -4.
-3
Evaluate (63 - 57) + (1 - 7).
0
-3 + 7 - (7 - -4)
-7
Evaluate -1 + -5 + 4 + (3 - -8).
9
Calculate -1 + 3 - (-3 - -2).
3
What is (-4 - (3 + -10)) + -5?
-2
Calculate (1 + -1 - (0 + 2)) + 3.
1
What is the value of -1 + -5 + (-6 - -10)?
-2
Calculate (-1 - 5) + 0 + 4.
-2
Evaluate 9 - (-6 + 18 - 6).
3
What is the value of 4 - (3 - -4 - -2)?
-5
(2 - 0) + -3 - -2 - -1
2
18 + (9 - 22) - 15
-10
4 + 0 - -1 - 7 - -10
8
Evaluate 1 + 3 + 7 + -3.
8
Calculate -6 + 9 - (2 + -2).
3
Evaluate (2 - 0) + -1 + (-1 - -2).
2
What is the value of (92 - 93) + (-1 - (0 + 0))?
-2
What is the value of 0 - (0 + 6 - (-7 + 11))?
-2
6 + -13 + 9 + 1
3
What is 1 + 8 - (6 + -1 + -1)?
5
What is 1 + 0 - (-52 + 61)?
-8
What is the value of -3 + 10 - (7 - 5)?
5
Calculate -2 - -2 - (6 - 9).
3
What is the value of -6 + (2 - -5) + -9?
-8
What is the value of 1 + -10 + (-17 - -22)?
-4
What is the value of 6 - (4 - (-1 + (2 - 8)))?
-5
-18 - -15 - (-7 - (-3 + 1))
2
What is the value of 15 + -5 + -2 - 7?
1
5 + (-3 - -1) + -1 + -1
1
Calculate (-3 - -4) + 2 + 1.
4
Calculate 3 - ((-2 - -4) + 4).
-3
7 + 5 + 4 + (-6 - 9)
1
What is the value of -2 + 0 - (-72 - -75)?
-5
Calculate -4 + -2 - (-2 - 1).
-3
What is the value of 0 - (5 + -6 + 8)?
-7
Evaluate 2 + -13 - ((-5 -